remainder when 27 is divided by g(-13).
6
Calculate the remainder when 103 is divided by 36 + -1*(-2)/(-2).
33
Let o(i) = i**2 + i + 1. Let d be o(-2). Suppose l = -d*l - 2*c + 16, 5*c = 2*l - 32. Calculate the remainder when l is divided by 4.
2
Suppose 63 = g - 4*q - 5, 0 = -2*g - 4*q + 88. What is the remainder when g is divided by 23?
6
Let m = -10 + 14. Let b = 1 + 9. What is the remainder when b is divided by m?
2
Let f be -1 - -27 - (5 + -5). Suppose 2*j + 8 + 14 = -3*z, 3*z = -j - f. Calculate the remainder when 23 is divided by 12/(-15)*z*1.
7
Suppose n + 3*a - 41 = 0, 0*n + 86 = 2*n + 5*a. What is the remainder when n is divided by 14?
11
Let d = 267 - 190. Suppose -4*c + 4*w + d = -w, 2*c + 5*w - 1 = 0. What is the remainder when c is divided by 5?
3
Let j(c) = 18*c**2 - c - 5. Let o be j(5). What is the remainder when 23 is divided by (-4)/18 - o/(-36)?
11
Suppose 0 = z - 37 - 33. What is the remainder when z is divided by 4?
2
Let h(b) = b**3 - 7*b**2 + 9*b - 4. Suppose -5*c = -176 - 289. Let d = -66 + c. Calculate the remainder when d is divided by h(6).
13
Suppose 5*w - 3*f - 216 = 0, 4*f = -w - 2*w + 147. Suppose -3*z + w = 2*z. Let n = 20 + z. What is the remainder when n is divided by 10?
9
Let m = 5 + 3. What is the remainder when (31/3)/(3/9) is divided by (0 - (-9)/3) + m?
9
Let x be 284*(3 - 4 - -2). Suppose 4*b + 0*b = 12, -5*g = 3*b - x. What is the remainder when g is divided by 29?
26
Suppose -58 = 7*z - 9. Calculate the remainder when 68 is divided by (-3)/(-7) - 123/z.
14
Suppose -44 = -f - 16. Calculate the remainder when 82 is divided by f.
26
Let d(t) = -3*t**2 - 9*t. Let s be d(-10). Calculate the remainder when s/(-4) + 9/(-18) is divided by 18.
16
Let g be 15 + -4*(5 + -4). Let o = g + 8. Suppose f + 2*b + 2*b - 26 = 0, 0 = -5*f - 2*b + 58. What is the remainder when o is divided by f?
9
What is the remainder when 73 is divided by (-86)/(-2) - (-1 - (-4 - 1))?
34
Suppose 0 = 5*i - 115 - 0. What is the remainder when 4085/45 - 4/(-18) is divided by i?
22
Suppose 5*j = -10, 0 = -0*k - 5*k + j + 252. Calculate the remainder when k is divided by 26.
24
Let u = -30 - -45. Let o be 1*3*(-4)/12. What is the remainder when (o - 0) + 4*11 is divided by u?
13
Let n be (-3 + 3/9)*3. Let v = n + 21. What is the remainder when 38 is divided by v?
12
Let f(a) = -a**2 - 13*a + 13. Let i be f(-14). Calculate the remainder when 43 - (i*8)/(-2) is divided by 21.
18
Suppose -24 = -p + 2*n + n, 0 = -n - 3. What is the remainder when p is divided by 9?
6
Let x(o) = o - 1. Let h be x(4). Let m be h/2 + 312/(-16). Let y = 39 + m. What is the remainder when 61 is divided by y?
19
Suppose 14 = b + 59. Let a = b - -63. Let r(p) = p + 15. Calculate the remainder when a is divided by r(-8).
4
Let j(o) = o. Suppose -g + 5*g = 0. Suppose 2*s - s - 3 = g. Calculate the remainder when 7 is divided by j(s).
1
Let a(g) = -g**3 + 3*g**2 + 2*g - 4. Suppose -p = 3*p - 44. Suppose -5*i + p = -4. What is the remainder when i is divided by a(3)?
1
Let s = 40 - 31. Calculate the remainder when 16 is divided by s.
7
Let f(o) = 2*o - 7. Let q be f(6). Suppose -2*g = -q*g + 81. What is the remainder when g is divided by ((-12)/9)/(4/(-42))?
13
Let w(j) = 3*j - 1. Let v be w(3). Let r be (-2)/(-8) - (-542)/v. Calculate the remainder when 31 is divided by r/6 - (-2)/(-6).
9
Suppose -3*a = -2*n + 13 + 20, -3*n + 2*a = -37. Calculate the remainder when 23 is divided by n.
5
Let z = 12 - -49. Calculate the remainder when z is divided by 16.
13
Suppose -4*a = -3*a - 3. Suppose -d = a*y - 8, 0 = -2*y + y - 4. Calculate the remainder when d is divided by 11.
9
Let g = 25 + 23. What is the remainder when 93 is divided by g?
45
Suppose -4*t + 130 = -2*t. Suppose -4*j + l + t = 0, 3*j - 29 = j - 3*l. What is the remainder when j is divided by 9?
7
Let x = 59 + -28. Suppose 47 = -2*z - 3*g, 6*z - z = -g - 98. Let m = 27 + z. Calculate the remainder when x is divided by m.
7
Let u = 4 - -32. Let x = u + -22. Suppose 5*r + 3*b - 47 - 167 = 0, -2*r + 85 = b. What is the remainder when r is divided by x?
13
Suppose 48 = 6*t + 6. Let f = t + 39. Calculate the remainder when f is divided by 16.
14
Let p = -28 + 67. Suppose -3*m - 20 = -5*m. What is the remainder when p is divided by m?
9
Suppose 4*f - 75 = 25. Suppose 4*b + f = 5*b. What is the remainder when b is divided by 7?
4
Let b = -32 - -37. What is the remainder when b is divided by 3?
2
Suppose 3*o - 5*u - 36 = 0, -2*o + u = 2*o - 31. What is the remainder when -3 + 13 + 4 + 4 is divided by o?
4
Suppose 1 = 2*o + 4*t - 7, -2*t - 6 = 0. Let m be o*3*12/30. Suppose -q = -5*q - 4*f + m, 4*f + 23 = 3*q. What is the remainder when q is divided by 3?
2
Let a = 54 + -29. Let i(b) = b**3 - 8*b**2 + 6*b + 2. Let g be i(7). Let y = a + g. Calculate the remainder when y is divided by 11.
9
Let n(z) = -z + 6. Let u be n(10). Let s = u + 7. Suppose -2*r - 3*l = -38, 4*l - 59 = -s*r - 0*r. Calculate the remainder when r is divided by 9.
7
Let g(b) = 2*b**2 - 3*b + 2. Let o be g(2). Suppose 0 = -4*j + 5*h - 9, -o*j - 35 = -9*j - 3*h. What is the remainder when 4 is divided by 32/14 + j/(-14)?
0
Let h = -9 + 64. Calculate the remainder when h is divided by 14.
13
Let s = -26 + 41. Calculate the remainder when 58 is divided by s.
13
Suppose 0*j + 216 = 4*j. Suppose -4*i + j = 14. Calculate the remainder when 39 is divided by i.
9
Suppose 17*q - 22*q = -45. Let n(a) = -a**2 - 5*a. Let b be n(-5). Suppose b = 5*r - 5*o - 5, -3*r + o + 5 = -r. What is the remainder when q is divided by r?
1
Let p be ((0 - 0) + 1)*23. Suppose -2*s - 26 = 5*l - s, -4*l - 3*s = p. Let o = 15 - l. Calculate the remainder when o is divided by 7.
6
Let s = -4 - -9. Let v = 7 - s. Suppose -3*w + 4 = -5*o, -7*o - 1 = -2*w - v*o. What is the remainder when 5 is divided by w?
2
Let u(t) = 2*t + 2. Suppose -13 = -4*x + 11. Suppose 0 = h - x*h + 80. Calculate the remainder when h is divided by u(2).
4
Let y = -100 - -161. Let c = 13 + 3. Calculate the remainder when y is divided by c.
13
Suppose j + 1 + 2 = 0. Let d be 2 + 0*(-3)/15. Let y = d - j. Calculate the remainder when 13 is divided by y.
3
Let y(f) = f**3 - 6*f**2 + 12*f - 6. What is the remainder when y(5) is divided by 63/4 + (-1)/(-4)?
13
Suppose -2*n = -n - 4. Calculate the remainder when 5 is divided by n.
1
What is the remainder when 1/(((-6)/(-324))/((-6)/(-4))) is divided by 17?
13
Suppose -5 - 5 = -c. Suppose 5*v - c = -3*n, -4*n = -2*n + 5*v. What is the remainder when n is divided by 6?
4
Suppose -3*b + 15 = 0, -4*m + 3*b + 1437 = 312. What is the remainder when m is divided by 16?
13
Let p be (-161 + -1 + -1)/1. Let y = -72 - p. Suppose -y = -3*z + 2. Calculate the remainder when z is divided by 11.
9
Let k be 266/(-6)*1*-3. Suppose -r - 47 = -2*o + 3*o, 0 = 3*o - 5*r + k. Let f = -31 - o. Calculate the remainder when 44 is divided by f.
14
Let u(g) = -g + 5. Let q be -4 - -9 - (1 + -1). Suppose -4*h + 5*w - 10 = 0, -h - 2*h - q*w - 25 = 0. What is the remainder when 29 is divided by u(h)?
9
Let t = 46 + -34. What is the remainder when t is divided by 6?
0
Suppose z = -3*x + 41, -5*z = -2*x - 21 - 167. What is the remainder when z is divided by 10?
8
Suppose j = 4*j + 12. Let s = 11 + j. What is the remainder when 25 is divided by s?
4
Let v = 150 - 98. Calculate the remainder when v is divided by 9.
7
Suppose 0 = 4*a - 4. Let s(h) = 6*h**2 + 6*h - 3. Let x(u) = u**3 + u**2 + u + 1. Let m(y) = a*x(y) + s(y). Calculate the remainder when m(-5) is divided by 5.
3
Let g = -10 - -25. Suppose 3*w + 2*z - 51 = z, 5*z = g. What is the remainder when 59 is divided by w + (0 - (1 - 0))?
14
Let z = 25 + -1. Suppose -2*y + z = 2*d - 2, 0 = -5*d + 5*y + 75. Let k = 11 - -30. What is the remainder when k is divided by d?
13
Suppose -v - 2*w = -11, -4*w = 5*v - w - 76. What is the remainder when v is divided by -1 + 1 + 6 - 0?
5
Let s(u) = 5 - u - 1 + 3. Let c be s(7). Suppose 0 = a - 2 - c. What is the remainder when a is divided by 1?
0
Suppose 3*w - 128 = -5*a, 0 = -0*a - 5*a - w + 136. Calculate the remainder when 54 is divided by a.
26
Suppose -3*c + 10 = -2*v - 175, -4*c + 245 = -3*v. Let n = 7 + 10. What is the remainder when c is divided by n?
14
Suppose -1 = -0*i + i, 2*o = -3*i + 11. What